95. Let d be r(p). Let l = 547 + -367. Calculate the highest common factor of l and d.
45
Let r = 5653 - 5637. What is the highest common factor of 14192 and r?
16
Let a(l) = l**3 + 6*l**2 - 2*l - 19. Let k be a(-5). Suppose -19*u + 54 = -k*u. Let c = 73 + -19. Calculate the greatest common divisor of c and u.
18
Suppose -36 = 2*g - 136. Suppose -2*y - 16 = -25*b + 24*b, -4*b = 4*y - 88. Calculate the greatest common factor of b and g.
10
Let v = 177 - 159. Let k be 7/3 + 2/(-6). Let r(x) = x**3 - x**2 + 3*x - 1. Let y be r(k). Calculate the greatest common divisor of y and v.
9
Suppose 2250*z + 332 = t + 2246*z, 2*z + 1440 = 4*t. What is the greatest common divisor of t and 2072?
28
Let h = -23 - -40. Suppose h*a = 16*a + 2. Suppose -5*k = -3*i + 2*i + 55, 0 = a*i + 2*k - 74. Calculate the greatest common factor of i and 10.
10
Suppose k + 46 = 3*u, 0*u + 2*u - k = 32. Let y = -120 + 218. Calculate the greatest common divisor of u and y.
14
Suppose 0 = o - 3*o + 898. Let k = o + -206. Suppose -g = -23 - 4. What is the greatest common factor of g and k?
27
Suppose 0*m = -3*m + 6. Suppose r - 2*r = -m*r. Let x be (r + 3 - 3) + (9 - 0). What is the greatest common factor of 6 and x?
3
Let w be (20/18)/((-3)/(-108))*1. What is the highest common factor of w and 295?
5
Let y be 1 - ((-7 - -4) + -18). Let v be y/(-143) + (-730)/(-13). Calculate the greatest common divisor of v and 32.
8
Suppose 6072 = 2*z - 3*j, -4*j + 3 - 19 = 0. Suppose 691*n - 696*n + z = 0. What is the highest common factor of 6 and n?
6
Suppose -8*j + 5728 = -0*j. Suppose -18*d - j + 9212 = 0. What is the highest common factor of d and 8?
8
Let f(j) = 9*j**2 + 61*j - 9. Let l be f(-7). Suppose 0 = -2*c + 4*b + 10, -l*c + 7*b = 3*b - 43. Calculate the highest common factor of 2 and c.
1
Suppose 220*t - 1061 - 2679 = 0. Let b = -1 + 1. Suppose 3*a - 128 - 25 = b. Calculate the greatest common divisor of t and a.
17
Let v be (-3)/11 - 10692328/(-1727). What is the highest common divisor of v and 41?
41
Let d(n) = 3*n**3 - n**2 + 4*n - 13. Let z be d(2). Let v be 3/z + 2124/30. Calculate the greatest common divisor of 71 and v.
71
Let s(p) = -35*p**2 - 493*p - 18. Let q be s(-14). What is the greatest common factor of 320 and q?
8
Let c = 105 + -102. Suppose -49 = -4*j + c*q, -4*j + 0*q + 2*q + 46 = 0. Suppose 4*i - 3*i - 10 = 0. What is the greatest common factor of i and j?
10
Let d be ((-8)/(-4))/(-2)*-11. Suppose -m = 3*m + 516. Let i = -85 - m. What is the greatest common divisor of d and i?
11
Suppose 2856 = -16*l + 12936. Calculate the highest common factor of 700 and l.
70
Suppose 657 = -83*j + 27964. Calculate the highest common divisor of j and 1927.
47
Let h be 46/9 + 29/(-261). Suppose 4*r - 2*r - 4*t = 20, 4*r - t = 5. Suppose r*g + 45 = g. Calculate the greatest common factor of g and h.
5
Let q(r) = -41*r - 47. Let f(h) = -44*h - 48. Let y(v) = -6*f(v) + 7*q(v). Let l be y(-8). Calculate the highest common divisor of l and 22.
11
Let n = 4 + 94. Let p be 152/2 + 54/(-27). Suppose 2*y - 18 = -v, 2*v = -3*v - 2*y + p. Calculate the greatest common divisor of n and v.
14
Suppose 25*w = 31*w - 588. Let c = 150 - w. Calculate the greatest common divisor of c and 117.
13
Let m = 2060 + -1039. Let o = -531 + m. What is the greatest common divisor of o and 10?
10
Let l(j) = 37*j + 47. Let c be l(14). Calculate the greatest common divisor of c and 35.
5
Let t = -8287 - -8311. Calculate the greatest common factor of 147 and t.
3
Let s(p) = p**2 - 12*p + 40. Suppose -91 = -31*t + 374. Let v be s(t). What is the highest common divisor of v and 68?
17
Suppose -j - 5*d - 105 = -305, 5*j + 2*d - 954 = 0. Let q = -188 + j. Calculate the highest common factor of q and 58.
2
Let r = -3449 - -3467. Calculate the greatest common factor of 846 and r.
18
Suppose -5*c + 5*l + 666 = -c, -4*c - 4*l + 684 = 0. Let g = -69 + c. Suppose g = -19*b + 423. What is the greatest common divisor of b and 17?
17
Suppose 2*f = 608 + 378. Calculate the highest common factor of 34 and f.
17
Let x = 1 + 2. Suppose -39 - 96 = -x*g. Let v = 82987 - 82762. What is the highest common factor of g and v?
45
Let d be 1*(-287 + 9/(9/(-4))). Let p = d + 294. What is the greatest common divisor of 3 and p?
3
Suppose 0 = -5*p + u + 81, 5*p - u = 2*p + 49. Suppose p*w - 1 - 287 = 0. What is the highest common factor of 36 and w?
18
Let n(b) = -b**2 - b + 133. Let k be n(0). Let i be -1 + 140 - (-28 + 23). Suppose -6*v - 30 + i = 0. Calculate the greatest common factor of k and v.
19
Let w(p) = 20*p**2 + 109*p - 75. Let q be w(-9). What is the highest common divisor of q and 4089?
141
Suppose -94 = -3*n - 5*y, 4*y = 5*n - 8*n + 92. Let h be 6/45 + (-141)/45 - -7. What is the highest common divisor of h and n?
4
Let u(w) = 2*w**2 + 0 + 2 + 8. Let k be u(-5). Suppose k = 2*r + 14. What is the greatest common factor of 92 and r?
23
Let o = 3803 + -3698. Calculate the greatest common factor of 93 and o.
3
Let j be (-44)/66 - 1253/(-3). Suppose -j*b = -418*b + 92. Calculate the highest common factor of b and 138.
46
Suppose -2839*c = -2896*c + 2793. What is the greatest common divisor of 1561 and c?
7
Let v(m) = m**3 + 22*m**2 + 58*m + 5. Let x be v(-17). Calculate the highest common divisor of x and 29.
29
Let z = -8235 - -8258. What is the greatest common factor of z and 12627?
23
Let s(l) = 207*l - 3864. Let z be s(47). What is the highest common divisor of z and 170?
85
Suppose 5*u - 212 = 453. Let w be (51 - 0)/(2 + -1). Suppose 2*p = 2*r - 5*r + w, 4*r = p + 79. What is the highest common divisor of r and u?
19
Let l be 169741/312 - 16/384. Let x = 18 - -16. What is the greatest common divisor of x and l?
34
Let r be (-1)/29 - (-15665062)/12238. What is the greatest common divisor of 760 and r?
40
Let d(z) = z**2 + 712. Let h be d(0). Let w = -51808 + 51816. Calculate the greatest common divisor of h and w.
8
Suppose -7*q = -18*q + 44. Suppose 0 = -b - q*x + 160, -7*b - 3*x = -9*b + 320. What is the highest common factor of b and 64?
32
Let u be (476/(-14) - 6)*2/4. Let d(j) = j**2 + 24*j + 108. Let n be d(u). Calculate the highest common divisor of 1652 and n.
28
Let h(i) = -12*i - 15. Let u be h(-4). Let y = u - 26. Let r be -21*((-12)/y)/1. What is the greatest common factor of r and 18?
18
Let x = 87 - 130. Let s = -43 - x. Suppose -3*u + 11*u - 232 = s. What is the highest common divisor of 29 and u?
29
Let v be 10/(-6) + 214/6. Let z = v - 30. Let h be z*12/(-9)*-9. What is the greatest common divisor of h and 64?
16
Let f(g) = g**3 - 3*g**2 - 6*g + 2. Let o be f(5). Suppose -2*n - 128 = -3*r, 86 = 2*r + 21*n - o*n. What is the highest common divisor of r and 33?
11
Suppose 0 = 6*v + 210 - 450. Calculate the highest common factor of 5540 and v.
20
Suppose 15136*l - 15134*l - 6 = 0. Suppose 4*v - 732 = -0*v. Calculate the greatest common factor of l and v.
3
Suppose -11*r - 127 + 380 = 0. Suppose 3*o + 75*q - 1861 = 73*q, 3102 = 5*o + 3*q. What is the greatest common factor of r and o?
23
Let w(r) = -8*r + 9 + 18*r - 4*r. Let h be w(15). Calculate the highest common divisor of 22 and h.
11
Let s = -191 - -231. Calculate the highest common divisor of s and 235.
5
Let z be ((-1 - -1) + -27118)*57/(-57). What is the highest common divisor of 182 and z?
182
Let y(u) = -u**3 + 7*u**2 + 10. Let o be y(5). Let g be (2/7 + -2)/((-10)/70). What is the highest common factor of g and o?
12
Suppose -22 - 10 = z. Let u = 50 + z. Let h = -9670 + 9868. Calculate the greatest common divisor of h and u.
18
Suppose 4*d - 4*r + 151 + 265 = 0, -4*d + 3*r = 411. Let k be (-3 + d/(-5))*5. What is the highest common factor of k and 7?
7
Let f = 1269 - -1335. What is the greatest common factor of f and 252?
84
Let z(d) = -3*d + 156. Let i be z(50). What is the greatest common factor of 762 and i?
6
Let f = 8 - -5. Let c = 35 - f. Let d = 42 - c. What is the greatest common divisor of 120 and d?
20
Let l(x) = 539*x + 4. Let u be l(-4). Let m = -789 + 793. Let w be m/18 - u/36. What is the greatest common divisor of w and 24?
12
Suppose -s = s - 164. Suppose -3*w = -2*g + 670, 2*w + 1120 = -3*w + 5*g. Let n = 427 + w. What is the highest common divisor of s and n?
41
Let j be 80/(9 + -5) - (12/14 - (-6028)/1918). Let t = 235 - 105. 